[INFO] fetching crate minimal-ed448 0.3.1...
[INFO] checking minimal-ed448-0.3.1 against master#e6e4f7ed1589e03bc2f6c5931c1a72e7947e8682 for beta-170-4
[INFO] extracting crate minimal-ed448 0.3.1 into /workspace/builds/worker-4-tc2/source
[INFO] validating manifest of crates.io crate minimal-ed448 0.3.1 on toolchain e6e4f7ed1589e03bc2f6c5931c1a72e7947e8682
[INFO] running `Command { std: CARGO_HOME="/workspace/cargo-home" RUSTUP_HOME="/workspace/rustup-home" "/workspace/cargo-home/bin/cargo" "+e6e4f7ed1589e03bc2f6c5931c1a72e7947e8682" "metadata" "--manifest-path" "Cargo.toml" "--no-deps", kill_on_drop: false }`
[INFO] started tweaking crates.io crate minimal-ed448 0.3.1
[INFO] finished tweaking crates.io crate minimal-ed448 0.3.1
[INFO] tweaked toml for crates.io crate minimal-ed448 0.3.1 written to /workspace/builds/worker-4-tc2/source/Cargo.toml
[INFO] running `Command { std: CARGO_HOME="/workspace/cargo-home" RUSTUP_HOME="/workspace/rustup-home" __CARGO_TEST_CHANNEL_OVERRIDE_DO_NOT_USE_THIS="nightly" "/workspace/cargo-home/bin/cargo" "+e6e4f7ed1589e03bc2f6c5931c1a72e7947e8682" "generate-lockfile" "--manifest-path" "Cargo.toml" "-Zno-index-update", kill_on_drop: false }`
[INFO] running `Command { std: CARGO_HOME="/workspace/cargo-home" RUSTUP_HOME="/workspace/rustup-home" "/workspace/cargo-home/bin/cargo" "+e6e4f7ed1589e03bc2f6c5931c1a72e7947e8682" "fetch" "--manifest-path" "Cargo.toml", kill_on_drop: false }`
[INFO] running `Command { std: "docker" "create" "-v" "/var/lib/crater-agent-workspace/builds/worker-4-tc2/target:/opt/rustwide/target:rw,Z" "-v" "/var/lib/crater-agent-workspace/builds/worker-4-tc2/source:/opt/rustwide/workdir:ro,Z" "-v" "/var/lib/crater-agent-workspace/cargo-home:/opt/rustwide/cargo-home:ro,Z" "-v" "/var/lib/crater-agent-workspace/rustup-home:/opt/rustwide/rustup-home:ro,Z" "-e" "SOURCE_DIR=/opt/rustwide/workdir" "-e" "CARGO_TARGET_DIR=/opt/rustwide/target" "-e" "CARGO_HOME=/opt/rustwide/cargo-home" "-e" "RUSTUP_HOME=/opt/rustwide/rustup-home" "-w" "/opt/rustwide/workdir" "-m" "1610612736" "--user" "0:0" "--network" "none" "ghcr.io/rust-lang/crates-build-env/linux@sha256:19e73879b68f455e41552ea35293514db52ea292d993f571636dbffedb77a1ee" "/opt/rustwide/cargo-home/bin/cargo" "+e6e4f7ed1589e03bc2f6c5931c1a72e7947e8682" "metadata" "--no-deps" "--format-version=1", kill_on_drop: false }`
[INFO] [stdout] 99bf44471804e550c44e74950dd47ef9b348fb742321acd3cf452bdacd6e24af
[INFO] running `Command { std: "docker" "start" "-a" "99bf44471804e550c44e74950dd47ef9b348fb742321acd3cf452bdacd6e24af", kill_on_drop: false }`
[INFO] running `Command { std: "docker" "inspect" "99bf44471804e550c44e74950dd47ef9b348fb742321acd3cf452bdacd6e24af", kill_on_drop: false }`
[INFO] running `Command { std: "docker" "rm" "-f" "99bf44471804e550c44e74950dd47ef9b348fb742321acd3cf452bdacd6e24af", kill_on_drop: false }`
[INFO] [stdout] 99bf44471804e550c44e74950dd47ef9b348fb742321acd3cf452bdacd6e24af
[INFO] running `Command { std: "docker" "create" "-v" "/var/lib/crater-agent-workspace/builds/worker-4-tc2/target:/opt/rustwide/target:rw,Z" "-v" "/var/lib/crater-agent-workspace/builds/worker-4-tc2/source:/opt/rustwide/workdir:ro,Z" "-v" "/var/lib/crater-agent-workspace/cargo-home:/opt/rustwide/cargo-home:ro,Z" "-v" "/var/lib/crater-agent-workspace/rustup-home:/opt/rustwide/rustup-home:ro,Z" "-e" "SOURCE_DIR=/opt/rustwide/workdir" "-e" "CARGO_TARGET_DIR=/opt/rustwide/target" "-e" "CARGO_INCREMENTAL=0" "-e" "RUST_BACKTRACE=full" "-e" "RUSTFLAGS=--cap-lints=forbid" "-e" "RUSTDOCFLAGS=--cap-lints=forbid" "-e" "CARGO_HOME=/opt/rustwide/cargo-home" "-e" "RUSTUP_HOME=/opt/rustwide/rustup-home" "-w" "/opt/rustwide/workdir" "-m" "1610612736" "--user" "0:0" "--network" "none" "ghcr.io/rust-lang/crates-build-env/linux@sha256:19e73879b68f455e41552ea35293514db52ea292d993f571636dbffedb77a1ee" "/opt/rustwide/cargo-home/bin/cargo" "+e6e4f7ed1589e03bc2f6c5931c1a72e7947e8682" "check" "--frozen" "--all" "--all-targets" "--message-format=json", kill_on_drop: false }`
[INFO] [stdout] 9e368876125749af1da31cb7df94e20ef63fcc4ce4361adfd984741bbdf42f68
[INFO] running `Command { std: "docker" "start" "-a" "9e368876125749af1da31cb7df94e20ef63fcc4ce4361adfd984741bbdf42f68", kill_on_drop: false }`
[INFO] [stderr]    Compiling proc-macro2 v1.0.59
[INFO] [stderr]    Compiling libc v0.2.144
[INFO] [stderr]    Compiling quote v1.0.28
[INFO] [stderr]    Compiling unicode-ident v1.0.9
[INFO] [stderr]    Compiling radium v0.7.0
[INFO] [stderr]     Checking tap v1.0.1
[INFO] [stderr]     Checking subtle v2.5.0
[INFO] [stderr]     Checking funty v2.0.0
[INFO] [stderr]     Checking wyz v0.5.1
[INFO] [stderr]    Compiling version_check v0.9.4
[INFO] [stderr]    Compiling typenum v1.16.0
[INFO] [stderr]    Compiling rustversion v1.0.12
[INFO] [stderr]     Checking hex v0.4.3
[INFO] [stderr]    Compiling generic-array v0.14.7
[INFO] [stderr]     Checking bitvec v1.0.1
[INFO] [stderr]     Checking getrandom v0.2.9
[INFO] [stderr]    Compiling syn v2.0.18
[INFO] [stderr]     Checking rand_core v0.6.4
[INFO] [stderr]     Checking ff v0.13.0
[INFO] [stderr]     Checking group v0.13.0
[INFO] [stderr]    Compiling zeroize_derive v1.4.2
[INFO] [stderr]     Checking zeroize v1.6.0
[INFO] [stderr]     Checking crypto-bigint v0.5.2
[INFO] [stderr]     Checking minimal-ed448 v0.3.1 (/opt/rustwide/workdir)
[INFO] [stdout] error[E0433]: failed to resolve: use of undeclared crate or module `ff_group_tests`
[INFO] [stdout]   --> src/scalar.rs:69:3
[INFO] [stdout]    |
[INFO] [stdout] 69 |   ff_group_tests::prime_field::test_prime_field_bits::<_, Scalar>(&mut rand_core::OsRng);
[INFO] [stdout]    |   ^^^^^^^^^^^^^^ use of undeclared crate or module `ff_group_tests`
[INFO] [stdout] 
[INFO] [stdout] 
[INFO] [stdout] error[E0433]: failed to resolve: use of undeclared crate or module `ff_group_tests`
[INFO] [stdout]   --> src/field.rs:66:3
[INFO] [stdout]    |
[INFO] [stdout] 66 |   ff_group_tests::prime_field::test_prime_field_bits::<_, FieldElement>(&mut rand_core::OsRng);
[INFO] [stdout]    |   ^^^^^^^^^^^^^^ use of undeclared crate or module `ff_group_tests`
[INFO] [stdout] 
[INFO] [stdout] 
[INFO] [stdout] error[E0433]: failed to resolve: use of undeclared crate or module `ff_group_tests`
[INFO] [stdout]    --> src/point.rs:321:3
[INFO] [stdout]     |
[INFO] [stdout] 321 |   ff_group_tests::group::test_prime_group_bits::<_, Point>(&mut rand_core::OsRng);
[INFO] [stdout]     |   ^^^^^^^^^^^^^^ use of undeclared crate or module `ff_group_tests`
[INFO] [stdout] 
[INFO] [stdout] 
[INFO] [stdout] error: aborting due to 3 previous errors
[INFO] [stdout] 
[INFO] [stdout] 
[INFO] [stdout] For more information about this error, try `rustc --explain E0433`.
[INFO] [stdout] 
[INFO] [stderr] error: could not compile `minimal-ed448` (lib test) due to 4 previous errors
[INFO] [stderr] warning: build failed, waiting for other jobs to finish...
[INFO] running `Command { std: "docker" "inspect" "9e368876125749af1da31cb7df94e20ef63fcc4ce4361adfd984741bbdf42f68", kill_on_drop: false }`
[INFO] running `Command { std: "docker" "rm" "-f" "9e368876125749af1da31cb7df94e20ef63fcc4ce4361adfd984741bbdf42f68", kill_on_drop: false }`
[INFO] [stdout] 9e368876125749af1da31cb7df94e20ef63fcc4ce4361adfd984741bbdf42f68
